Determine c(0).
-5
Let h(k) = k**2 - 46*k + 122. Give h(43).
-7
Let c(m) = -m**2 + 38*m - 119. Calculate c(3).
-14
Let o(n) = n**3 + n**2 - n + 2. Determine o(2).
12
Let k(r) = -r**3 - 29*r**2 - 23*r + 25. Give k(-28).
-115
Let w(c) = c**2 + 5*c - 13. Calculate w(-6).
-7
Let l(u) = -u**2 + 18*u - 73. What is l(7)?
4
Let f(v) = 23*v**2 + 28*v + 27. What is f(-1)?
22
Let h(n) = -2*n**3 - 15*n**2 - 6*n + 24. Determine h(-7).
17
Let u(b) = -b**2 + 35*b + 88. Calculate u(38).
-26
Let d(j) = 38*j**3 - 4*j**2 + 3*j. Determine d(1).
37
Let c(j) = -j**3 - 26*j**2 + 27*j - 13. Give c(-27).
-13
Let q(x) = -x**3 + 17*x**2 - 30*x - 29. Give q(15).
-29
Let d(o) = -14*o**2 + o - 10. Give d(0).
-10
Let s(g) = 5*g - 13. Give s(5).
12
Let q(v) = v**3 - 4*v**2 - 3. Give q(4).
-3
Let q(i) = 2*i + 22. Give q(-13).
-4
Let g(s) = 6*s + 57. Give g(-15).
-33
Let s(h) = -4*h - 32. Determine s(-7).
-4
Let q(l) = -9*l - 181. Give q(-21).
8
Let l(w) = -w**3 + 10*w**2 + 20*w + 38. Determine l(12).
-10
Let g(a) = 3*a**2 - 77*a - 76. What is g(-1)?
4
Let l(p) = p**3 - 8*p**2 - 13*p + 40. Calculate l(9).
4
Let o(a) = 5*a**2 + 230*a + 1. Determine o(-46).
1
Let t(s) = -s**3 - 7*s**2 + 6*s - 20. Determine t(-8).
-4
Let t(n) = 2*n**3 - 31*n**2 + 16*n - 11. Determine t(15).
4
Let w(y) = -y**2 + y - 2. Calculate w(-6).
-44
Let g(c) = -c**3 - 11*c**2 - 14*c + 9. What is g(-10)?
49
Let v(d) = 2*d**2 + 13*d - 6. Calculate v(-8).
18
Let x(v) = -v**3 - 27*v**2 - 51*v - 22. What is x(-25)?
3
Let y(k) = -3*k**2 + 9. Give y(-3).
-18
Let a(r) = 97*r - 300. What is a(3)?
-9
Let h(l) = -l**3 + l**2 - 1. Calculate h(-1).
1
Let x(u) = u**3 - 20*u**2 - 42*u - 30. Calculate x(22).
14
Let g(x) = -x + 11. Calculate g(7).
4
Let o(g) = -g**3 - 23*g**2 + 27*g + 33. What is o(-24)?
-39
Let o(u) = -2*u**3 - 4*u**2 - u. What is o(-2)?
2
Let c(b) = -8*b - 22. Calculate c(-4).
10
Let v(g) = -g**3 + 6*g**2 - g + 3. Give v(4).
31
Let h(v) = -4*v + 22. Determine h(0).
22
Let s(d) = -d**3 + 2*d**2 + d - 1. Determine s(-1).
1
Let i(o) = -2*o**2 + 3*o + 7. Determine i(5).
-28
Let z(m) = -2*m**2 + m - 3. What is z(2)?
-9
Let d(c) = -c**3 - 12*c**2 - 36*c - 17. Calculate d(-6).
-17
Let h(s) = -s + 13. Determine h(15).
-2
Let q(k) = -k**3 - 2*k**2 - 3*k - 21. Calculate q(-3).
-3
Let c(s) = s**3 + 6*s**2 + s - 12. What is c(-5)?
8
Let y(k) = -9*k - 11. What is y(8)?
-83
Let c(q) = -q**3 - 3*q**2 + 3*q + 15. Give c(-4).
19
Let q(v) = v**3 + 4*v**2 - 18*v - 37. What is q(-6)?
-1
Let r(m) = -2*m**2 - 12*m. Calculate r(-6).
0
Let j(v) = -v - 23. Calculate j(-19).
-4
Let b(x) = x**3 - 9*x**2 - x + 13. Calculate b(9).
4
Let z(j) = -17*j**2 - 2. Give z(1).
-19
Let h(t) = -t**2 - 6*t - 3. Calculate h(-7).
-10
Let i(t) = -t**3 - 7*t**2 - 5*t - 5. Calculate i(-6).
-11
Let u(o) = -21*o**3 + 2*o**2 + 2*o + 1. Give u(-1).
22
Let a(w) = 36*w - 3. Calculate a(1).
33
Let i(l) = 6*l - 73. Determine i(12).
-1
Let a(h) = -9*h**2 + h + 2. Calculate a(2).
-32
Let r(g) = -69*g + 479. Give r(7).
-4
Let v(q) = q**3 - 19*q**2 - 43*q + 23. Calculate v(21).
2
Let l(h) = 6*h**2 + 31*h + 10. What is l(-5)?
5
Let w(g) = -6*g + 198. What is w(32)?
6
Let p(i) = -i**2 + 5*i - 6. Give p(5).
-6
Let t(d) = d**3 + 40*d**2 + 38*d - 41. What is t(-39)?
-2
Let g(a) = 2*a + 4. What is g(6)?
16
Let q(c) = -19*c + 25. Calculate q(3).
-32
Let o(p) = 2*p**3 - 32*p**2 + 56*p + 10. Determine o(14).
10
Let b(t) = 3*t - 133. Calculate b(47).
8
Let l(u) = 18*u**2 - 6*u + 1. What is l(1)?
13
Let k(j) = j**3 + 4*j**2 - 21*j + 4. Calculate k(3).
4
Let h(q) = -q**3 - 7*q**2 - q - 6. Determine h(-3).
-39
Let p(z) = -7*z - 39. Calculate p(3).
-60
Let j(b) = b**3 + 5*b**2 - 3*b + 11. What is j(-5)?
26
Let o(z) = -2*z**3 + 24*z**2 - 24*z + 12. Determine o(11).
-10
Let w(s) = -3*s - 46. What is w(-14)?
-4
Let n(q) = -7*q - 42. What is n(-6)?
0
Let b(w) = -w**3 - 2*w**2 + 2*w. Calculate b(3).
-39
Let r(i) = -9*i**3 + i. Calculate r(1).
-8
Let m(o) = o**3 + 3*o**2 - o + 3. What is m(-4)?
-9
Let v(m) = m**2 + 6*m - 11. Give v(-10).
29
Let d(z) = -z + 13. What is d(13)?
0
Let j(f) = -f**2 + 7*f - 5. What is j(10)?
-35
Let g(y) = y**2 + 6*y - 5. What is g(-8)?
11
Let z(j) = 2*j**3 - j**2 + 2*j + 1. Calculate z(-4).
-151
Let k(s) = -s**3 + 14*s**2 - 23*s - 13. What is k(12)?
-1
Let w(c) = -c**2 - 6*c + 18. Give w(-7).
11
Let w(f) = -3*f**2 - 5*f - 4. Give w(-2).
-6
Let w(h) = 20*h + 53. Give w(-4).
-27
Let d(r) = -2*r**2 + 5. Give d(-2).
-3
Let x(l) = 22*l - 6. Calculate x(-4).
-94
Let s(m) = -m**3 + 10*m**2 - 6*m. Give s(9).
27
Let u(h) = -3*h**2 - 5*h. What is u(3)?
-42
Let h(s) = 38*s - 307. Give h(8).
-3
Let x(c) = -3*c**2 - 182*c + 77. Calculate x(-61).
16
Let c(o) = 12*o**3 + o**2 - 16*o + 15. Give c(1).
12
Let f(y) = y**3 + 3*y**2 - 2*y + 6. Calculate f(-3).
12
Let l(f) = f**3 + 12*f**2 + 22*f + 21. Calculate l(-10).
1
Let m(b) = b**3 + 7*b**2 - 2*b - 10. Give m(-7).
4
Let g(p) = -p**2 + 3*p + 4. Calculate g(3).
4
Let d(o) = -o**3 - 14*o**2 - 3*o - 21. What is d(-14)?
21
Let t(i) = i**2 + 2*i. What is t(4)?
24
Let z(g) = -9*g**2 + 4*g + 4. What is z(-1)?
-9
Let q(n) = n**3 - 10*n**2. Determine q(10).
0
Let z(x) = -x**3 + 10*x**2 - 7*x - 3. Give z(9).
15
Let d(l) = 13*l + 1. Give d(-1).
-12
Let i(q) = q + 21. What is i(-20)?
1
Let t(x) = -2*x**2 + 11*x + 10. Determine t(7).
-11
Let z(a) = -2*a - 15. Give z(-7).
-1
Let o(i) = -i**3 + 11*i**2 + 9*i + 2. Calculate o(12).
-34
Let n(b) = -20*b + 15. Give n(6).
-105
Let p(y) = -11*y**2 + 105*y + 8. Calculate p(9).
62
Let u(r) = -r**2 - 24*r + 388. What is u(-35)?
3
Let c(s) = 7*s - 63. Determine c(8).
-7
Let h(y) = y**3 + 26*y**2 + 22*y - 61. Determine h(-25).
14
Let b(v) = -31*v**2 - 4*v + 6. Calculate b(2).
-126
Let g(a) = -12*a + 8. What is g(-4)?
56
Let l(a) = -2*a**3 - 3*a**2 + 3*a - 2. Calculate l(-3).
16
Let g(r) = r - 21. Determine g(9).
-12
Let q(a) = 3*a - 41. Calculate q(12).
-5
Let j(k) = 42*k - 754. Give j(18).
2
Let v(i) = -i**2 - 22*i - 44. Determine v(-21).
-23
Let m(b) = -2*b**2 + 9*b + 1. Calculate m(5).
-4
Let a(q) = q**3 - 14*q**2 - 2*q + 19. Determine a(14).
-9
Let j(z) = z**2 + 5*z - 31. Give j(-7).
-17
Let a(z) = -13*z - 25. Determine a(-3).
14
Let f(i) = -i**2 - 13*i - 30. Determine f(-9).
6
Let a(g) = -7*g - 158. What is a(-25)?
17
Let j(n) = n**3 - 13*n**2 - 8*n + 99. Determine j(13).
-5
Let d(v) = -v**3 + 13*v**2 - 5. Calculate d(13).
-5
Let o(d) = -d**2 - 8*d - 3. What is o(-7)?
4
Let b(s) = 13*s - 427. Calculate b(34).
15
Let z(s) = 9*s**3 - s**2. Give z(2).
68
Let v(w) = 2*w**2 - 15*w - 18. What is v(8)?
-10
Let m(w) = -4*w - 70. What is m(-19)?
6
Let x(y) = -y**2 + 8*y - 4. Determine x(0).
-4
Let x(i) = i**3 - 9*i**2 + 7*i - 3. Give x(8).
-11
Let n(d) = d**2 - 2*d + 8. What is n(5)?
23
Let z(i) = -i**3 - i**2 + i + 1. Determine z(-3).
16
Let u(r) = -26*r + 184. Give u(7).
2
Let o(l) = l**3 + 4*l**2 + 10*l + 42. Calculate o(-4).
2
Let n(b) = 12*b - 12. Give n(-7).
-96
Let s(w) = -48*w**2 - w - 6. Determine s(-2).
-196
Let q(b) = -11*b - 28. What is q(-3)?
5
Let m(n) = -n**3 + n**2 + 4*n - 3. Determine m(2).
1
Let y(g) = -2*g**2 - 13*g + 9. What is y(-5)?
24
Let r(a) = 2*a**2 - 26*a + 63. Give r(10).
3
Let t(o) = 3*o**2 + 11*o + 4. Calculate t(-5).
24
Let r(l) = l - 10. Determine r(7).
-3
Let d(s) = s**3 - 7*s**2 - s - 13. Give d(7).
-20
Let x(l) = 2*l**2 - 30*l + 40. Give x(13).
-12
Let d(k) = -k**3 + 3*k**2 + 7*k. Give d(5).
-15
Let o(g) = 7*g**2 - 5. Calculate o(-2).
23
Let v(j) = -j + 4. What is v(-7)?
11
Let f(u) = 16*u - 89. What is f(6)?
7
Let r(c) = 30*c - 12. Determine r(1).
18
Let s(o) = -2*o**3 + 10*o**2 + 7*o - 4. Calculate s(5).
31
Let z(f) = 3*f + 7. Determine z(-6).
-11
Let f(l) = -l**2 - 4*l - 6. Determine f(-5).
-11
Let y(u) = 4*u**2 - 3*u - 3. Calculate y(-1).
4
Let g(i) = 6*i + 21. Give g(-6).
-15
Let x(y) = y**3 - 6*y**2 + 7*y + 9. Determine x(4).
5
Let m(d) = d**3 - 15*d**2 + 31*d - 6. Give m(13).
59
Let r(d) = d**3 - 11*d**2 - 8*d - 48. Give r(12).
0
Let k(x) = -x**3 + 9*x**2 + 8*x + 14. Calculate k(10).
-6
Let q(v) = -v**3 - 3*v**2 - 5. Calculate q(-4).
11
Let f(p) = 2*p - 6. Give f(9).
12
Let u(k) = k**3 - 22*k**2 + k - 30. Calculate u(22).
-8
Let t(r) = 2*r**2 + 6*r - 5. Give t(-4).
3
Let h(k) = k**2 - 16*k - 9. What is h(17)?
8
Let f(s) = -s**2 + 6*s - 12. Give f(5).
-7